5*y - s = 18. Suppose -2*t = 0, -3*f + y*t + 123 = -0*t. What is the units digit of f?
1
Suppose 4*k = -12, 23*k - 1067 = -4*m + 20*k. What is the units digit of m?
9
Let s = 205 - 97. Suppose k - s = -42. What is the tens digit of k?
6
Suppose -20 = -15*k + 11*k. Suppose -2*o = s, -4*s - 2*o - 3*o = 0. Suppose s*v + k*v = 85. What is the tens digit of v?
1
Suppose 3*v + 124 = 4*x, 4*v + 195 - 75 = 4*x. Let i = x - 30. What is the tens digit of (4/10)/(i/580)?
5
Let c(f) = -f**3 - 2*f**2 + 11*f - 3. Let p be c(-6). Let m = p + -40. What is the tens digit of m?
3
Let d = -259 + 665. Let n = d + -242. What is the tens digit of n?
6
Suppose -2*j + 0*j + 4 = 0. Let f(v) = -4 - j*v**2 + v**2 - 3 + 2 + 9*v. What is the units digit of f(8)?
3
Suppose 0 = -6*i + 5*i + 4. Suppose 2*b - m + 2*m - 53 = 0, 0 = 2*b + i*m - 44. What is the tens digit of b?
2
Suppose c - 4*f = -21, 4*c + 7 + 12 = 3*f. What is the tens digit of (-2146)/(-18) + c + 30/(-135)?
1
Suppose 4*y - 2509 = 7*j - 6*j, 4*y - 2*j = 2506. What is the tens digit of y?
2
Suppose 0 = 13*t + 11392 - 33791. What is the hundreds digit of t?
7
Let p(o) = o - 15. Let c be p(11). Let n = -2 - c. Suppose n*l - 41 = 41. What is the units digit of l?
1
Let f be 550/77 + (-1)/7. Let w(r) = -4*r + 1 - f*r + 4 + 1. What is the tens digit of w(-3)?
3
Let n = 11 + -5. Suppose -4*m = -14 + n. Suppose m*c + k - 19 = 0, -c - 2*k = -8 + 3. What is the tens digit of c?
1
Let v(x) = 242*x - 670. What is the units digit of v(13)?
6
Let x be 1/(-2 + 3) - -2. Suppose 0 = 6*t + x*t - 450. What is the tens digit of t?
5
Suppose 3*j + 4*q = 2075, 1398 = 8*j - 6*j - q. What is the tens digit of j?
9
Suppose -15*w + 169 = -1451. What is the tens digit of w?
0
Let j(s) = s - 5. Let v be j(4). Let g = v - -5. Suppose 2*h - 4*h = -g. What is the units digit of h?
2
Let d(l) = -14*l + 630. What is the units digit of d(0)?
0
Let r(b) = -b**3 + 20*b**2 - b + 48. What is the units digit of r(15)?
8
Let v(k) = k**3 + 7*k**2 - 10*k - 8. Let i be v(-8). Suppose 78 = -i*m + 14*m. What is the units digit of m?
3
Suppose -10*y + 828 = -7*y. Suppose y = 3*q + 2*q - 4*z, -2*q + 5*z = -124. What is the units digit of q?
2
Suppose -25*j + 40185 + 3640 = 0. What is the tens digit of j?
5
Suppose 0 = -20*g - 5843 + 30523. What is the hundreds digit of g?
2
Suppose -d + 13 = q - 2*d, 3*q + d = 51. Let b = q + -4. Let w = b + 20. What is the units digit of w?
2
Let u(x) = -x**2 - 6*x + 4. Let t be u(-9). Let i be t*(-1 + 2)*-1. Suppose 7 = -5*l - 3*n, -5 + i = -2*l - 5*n. What is the units digit of l?
1
Suppose -342*s = -348*s + 12174. What is the thousands digit of s?
2
Suppose -4391 - 5099 = -5*d + 5*o, 2*o - 10 = 0. What is the tens digit of d?
0
Let c be ((-238)/35)/(57/30 + -2). Let s = 83 + c. What is the units digit of s?
1
Let g(i) = 3*i**3 + 5*i**2 + 4*i + 2. What is the tens digit of g(6)?
5
Let d(m) = m + 4. Let c be d(-2). Let y(j) = 5 + 4 + 3*j - c. What is the tens digit of y(4)?
1
Let c = -194 - -308. What is the units digit of c?
4
Let h = 2270 - 369. Suppose -h + 146 = -13*r. What is the units digit of r?
5
Suppose y - 4*w + 1 - 9 = 0, 2*y = 5*w + 10. Suppose y*o = o. Suppose -i - u + 8 = o, -3*i + u + 7 = -9. What is the units digit of i?
6
Let u = -5 + 20. Suppose 4*z = 0, h + 3*h - 32 = -5*z. Let q = u - h. What is the units digit of q?
7
Let x = 51 - 45. What is the tens digit of 15/(x/40*4)?
2
Let n(f) = -6*f - 21. Let z be n(-22). Let u = 327 - z. What is the units digit of u?
6
Suppose l = 3*n + 3012, 4*l - 7438 = -4*n + 4546. What is the hundreds digit of l?
0
Let b be ((-4)/(-3))/((-5)/(-45)). Let o be (b/10)/((-14)/35). Let y(u) = u**2 + 3*u + 7. What is the units digit of y(o)?
7
Let y = -104 - -359. Suppose -l - 3*h = -y, -h + 261 = 3*l - 2*l. What is the units digit of 12/(-8)*l/(-9)?
4
Let u = 425 - 131. What is the tens digit of u?
9
Suppose 9928 + 15853 = 7*d. What is the units digit of d?
3
Let u(g) = 2*g - 13. Suppose -60 = -5*r - 10. What is the units digit of u(r)?
7
Let a = 993 + -522. What is the tens digit of a?
7
Let x(i) = i**3 + 3*i**2 + 1. Let b(u) = 1. Let p(r) = 3*b(r) + x(r). Let n be p(-3). Suppose 5*h - n = 141. What is the units digit of h?
9
Suppose -2*n + 3*s = 57, -2*s + 150 = -5*n + 3*s. What is the units digit of -114*(n/6 - -5)?
7
Suppose 2 = 5*t - 13. Let m(q) be the second derivative of q**5/20 - q**4/12 - 2*q**3/3 - q**2/2 - 5*q. What is the units digit of m(t)?
5
Let r(h) = -3 - 1 + 4 + 1. Let n(s) = 27*s**3 + s - 6. Let j(q) = n(q) + 5*r(q). What is the units digit of j(1)?
7
Suppose -4*v + 5*f + 1 = -52, -3*v + 41 = -4*f. Suppose -t = c + v, c - t + 6 = -1. Let o = 3 - c. What is the tens digit of o?
1
Suppose -r + 89 = -x, -2*x = 4*r + r - 438. What is the tens digit of r?
8
Let m = 1677 - 839. What is the units digit of m?
8
Let y(z) = z - 8. Let l be y(8). Suppose l = t + t - a - 117, -3*a = -2*t + 119. Suppose -t + 14 = -4*j. What is the units digit of j?
1
Let u be 0/((-1)/(4/(-8))). Let v(s) = s**2 + 39. Let t be v(u). Suppose -4*x + t = -3*x. What is the units digit of x?
9
Let n = -5063 + 7726. What is the units digit of n?
3
Let u = 203 + -365. Let m be u/4*182/(-21). Suppose -5*x - 36 = -m. What is the units digit of x?
3
Let q(i) = -12*i + 3. Let x be 13*1 + (-3 - 0). Let g be q(x). What is the tens digit of g/(-12) - 2/(-8)?
1
Suppose 146 + 194 = k + h, -1700 = -5*k - 4*h. What is the hundreds digit of k?
3
Suppose -660 = -4*s + 4*j, -j + 326 = 2*s - 5*j. Suppose k = -4*v + 61, 154 = 5*k + 4*v - s. What is the units digit of k?
5
Suppose -9 - 12 = -3*w + 2*a, 2*w - 5*a - 25 = 0. Suppose w*h - 547 = -2*b, -3*b + 387 = 3*h + 66. What is the units digit of h?
1
Let c = 39 - 34. Suppose -3*u + 30 = -q - 85, c*u + 5*q = 205. What is the tens digit of u?
3
Suppose 194*x - 6710 = 184*x. What is the units digit of x?
1
Suppose 16 = -x - 56. Let f = x + 39. What is the tens digit of (-5 - f)/((-2)/(-1))?
1
Let j be (18/45)/((3/(-50))/3). Let s(a) = a**2 + 12*a - 14. What is the hundreds digit of s(j)?
1
Let z(y) = y**2. Let v(h) = 2*h**2 + 1. Let d(o) = v(o) + 6*z(o). What is the units digit of d(-1)?
9
Suppose 2*q + 222 = 5*q. Suppose -q - 94 = -4*p. What is the tens digit of p?
4
Suppose -63*d = -434108 + 143111. What is the hundreds digit of d?
6
Suppose q - 107 = -30. Let d = q - 38. What is the tens digit of d?
3
Suppose -4*s - g + 4*g - 1 = 0, s - 3*g - 2 = 0. Let r(y) = -2*y - 2*y + 15*y**2 + 3*y. What is the tens digit of r(s)?
1
Suppose 0 = -3*j - 0*j + 15. Suppose 0 = c - j*i - 95, 3*c - 215 = 2*i + 135. What is the units digit of c?
0
Let o(c) be the second derivative of c**4/6 - 11*c**3/6 + 6*c**2 + 21*c. What is the units digit of o(8)?
2
Let a be ((-42)/9*(-3 - 0))/2. Let w be 3 - 0 - (1 - 0). Suppose 0 = -4*j - w*m + 128, 0 = 4*j - a*m + 2*m - 142. What is the tens digit of j?
3
Let o = 48 - 28. What is the tens digit of 125*(8/o - 0)?
5
Let k(g) = g**2 + 5*g - 7. Let v be k(-6). Let f be 108*(v + (-12)/(-8)). Suppose -f - 21 = -2*u - 3*t, -t - 145 = -5*u. What is the tens digit of u?
3
Let m = 1607 - 43. What is the tens digit of m?
6
Suppose 4*m - 106 = c, -m + 0*c = -c - 28. Let n = m + -22. What is the units digit of n?
4
Let f(u) = u**2 + 9*u - 12. What is the hundreds digit of f(11)?
2
Suppose o = 4*t + 1455, -2*t = -4*o - 3*t + 5905. What is the tens digit of o?
7
Let y be (-6)/14 - (1 + (-15520)/35). Suppose -7*g + y = -167. What is the units digit of g?
7
Suppose 0 = 64*g - 73*g + 25956. What is the units digit of g?
4
Suppose -d - 1748 = 3*j - 8*j, -4*j - 5*d + 1381 = 0. What is the tens digit of j?
4
Suppose 2 = -u + 1, -5*i + u + 56 = 0. Let k = 8 - i. What is the units digit of 1/((-165)/(-54) + k)?
8
Let j be 2*(-3)/(-18)*12. Suppose 2*w - i + 32 = 0, 2*w + 4 + 22 = j*i. Let d = w - -98. What is the units digit of d?
1
Let b = 55 + -15. Suppose 5*l - l - 56 = 0. Let k = b - l. What is the tens digit of k?
2
Suppose 1937 = 2*m + 3*x, 2030 = 2*m + x + 99. What is the hundreds digit of m?
9
Let u be (-3 - -2) + 36/2. Suppose -122 = -2*z - 4*w, 2*z + w = -z + 188. Let g = z - u. What is the tens digit of g?
4
Let x(f) = 2*f**3 - 58*f**2 - 32*f + 34. What is the hundreds digit of x(30)?
8
Let u(y) = 3065*y - 3 - 3074*y + 7. Let z be (8/6)/((-2)/6)